{"id":10351,"date":"2025-12-28T11:55:51","date_gmt":"2025-12-28T10:55:51","guid":{"rendered":"https:\/\/www.owiowi.be\/?post_type=product&#038;p=10351"},"modified":"2026-02-01T00:00:24","modified_gmt":"2026-01-31T23:00:24","slug":"b-o-06","status":"publish","type":"product","link":"https:\/\/www.owiowi.be\/?product=b-o-06","title":{"rendered":"B.O. #06"},"content":{"rendered":"<p><strong>Caract\u00e9ristiques :<\/strong><\/p>\n<ul>\n<li>R\u00e9alis\u00e9e enti\u00e8rement \u00e0 la main en p\u00e2te polym\u00e8re, ponc\u00e9es.<\/li>\n<li>Mont\u00e9es sur tige<\/li>\n<li>Couleur : rouge<\/li>\n<li>Livr\u00e9 dans un emballage de protection<\/li>\n<\/ul>\n<p>Le mat\u00e9riel utilis\u00e9 est en m\u00e9tal, un alliage sur base de cuivre recouvert d&rsquo;une fine couche de peinture (pour les tiges noires ou dor\u00e9es)<\/p>\n<p>Il r\u00e9pond aux normes U.E. concernant les allergies. Il est sans nickel, sans plomb, sans cadmium.<\/p>\n","protected":false},"excerpt":{"rendered":"<p>Caract\u00e9ristiques : R\u00e9alis\u00e9e enti\u00e8rement \u00e0 la main en p\u00e2te polym\u00e8re, ponc\u00e9es. Mont\u00e9es sur tige Couleur : rouge Livr\u00e9 dans un emballage de protection Le mat\u00e9riel utilis\u00e9 est en m\u00e9tal, un alliage sur base de cuivre &#8230; <\/p>\n<p class=\"read-more-container\"><a title=\"B.O. #06\" class=\"read-more button\" href=\"https:\/\/www.owiowi.be\/?product=b-o-06#more-10351\" aria-label=\"Plus sur B.O. #06\">Lire plus<\/a><\/p>\n","protected":false},"featured_media":10316,"comment_status":"open","ping_status":"closed","template":"","meta":[],"product_cat":[54],"product_tag":[],"_links":{"self":[{"href":"https:\/\/www.owiowi.be\/index.php?rest_route=\/wp\/v2\/product\/10351"}],"collection":[{"href":"https:\/\/www.owiowi.be\/index.php?rest_route=\/wp\/v2\/product"}],"about":[{"href":"https:\/\/www.owiowi.be\/index.php?rest_route=\/wp\/v2\/types\/product"}],"replies":[{"embeddable":true,"href":"https:\/\/www.owiowi.be\/index.php?rest_route=%2Fwp%2Fv2%2Fcomments&post=10351"}],"wp:featuredmedia":[{"embeddable":true,"href":"https:\/\/www.owiowi.be\/index.php?rest_route=\/wp\/v2\/media\/10316"}],"wp:attachment":[{"href":"https:\/\/www.owiowi.be\/index.php?rest_route=%2Fwp%2Fv2%2Fmedia&parent=10351"}],"wp:term":[{"taxonomy":"product_cat","embeddable":true,"href":"https:\/\/www.owiowi.be\/index.php?rest_route=%2Fwp%2Fv2%2Fproduct_cat&post=10351"},{"taxonomy":"product_tag","embeddable":true,"href":"https:\/\/www.owiowi.be\/index.php?rest_route=%2Fwp%2Fv2%2Fproduct_tag&post=10351"}],"curies":[{"name":"wp","href":"https:\/\/api.w.org\/{rel}","templated":true}]}}