{"id":6358,"date":"2021-11-04T00:30:19","date_gmt":"2021-11-03T23:30:19","guid":{"rendered":"https:\/\/www.owiowi.be\/?post_type=product&#038;p=6358"},"modified":"2025-12-26T21:56:29","modified_gmt":"2025-12-26T20:56:29","slug":"bague-15mm-lucas-1","status":"publish","type":"product","link":"https:\/\/www.owiowi.be\/?product=bague-15mm-lucas-1","title":{"rendered":"Bague 15mm &#8211; LUCAS (1)"},"content":{"rendered":"<p><strong>Caract\u00e9ristiques :<\/strong><\/p>\n<ul>\n<li>Collection LUCAS (1 &#8211; Grand motif)<\/li>\n<li>Support en m\u00e9tal, laiton &#8211; r\u00e9glable avec plateau rond<\/li>\n<li>Motif verni en p\u00e2te polym\u00e8re<\/li>\n<li>Couleur motif : bleu &#8211; gris &#8211; rouge<\/li>\n<li>Taille : 15 mm de diam\u00e8tre<\/li>\n<li>Bijou artisanal fait main<\/li>\n<li>Livr\u00e9 dans un emballage de protection<\/li>\n<\/ul>\n<p>Cette collection est disponible en \u00e9dition limit\u00e9e.<\/p>\n","protected":false},"excerpt":{"rendered":"<p>Caract\u00e9ristiques : Collection LUCAS (1 &#8211; Grand motif) Support en m\u00e9tal, laiton &#8211; r\u00e9glable avec plateau rond Motif verni en p\u00e2te polym\u00e8re Couleur motif : bleu &#8211; gris &#8211; rouge Taille : 15 mm de &#8230; <\/p>\n<p class=\"read-more-container\"><a title=\"Bague 15mm &#8211; LUCAS (1)\" class=\"read-more button\" href=\"https:\/\/www.owiowi.be\/?product=bague-15mm-lucas-1#more-6358\" aria-label=\"Plus sur Bague 15mm &#8211; LUCAS (1)\">Lire plus<\/a><\/p>\n","protected":false},"featured_media":6359,"comment_status":"open","ping_status":"closed","template":"","meta":[],"product_cat":[101,57],"product_tag":[84,83],"_links":{"self":[{"href":"https:\/\/www.owiowi.be\/index.php?rest_route=\/wp\/v2\/product\/6358"}],"collection":[{"href":"https:\/\/www.owiowi.be\/index.php?rest_route=\/wp\/v2\/product"}],"about":[{"href":"https:\/\/www.owiowi.be\/index.php?rest_route=\/wp\/v2\/types\/product"}],"replies":[{"embeddable":true,"href":"https:\/\/www.owiowi.be\/index.php?rest_route=%2Fwp%2Fv2%2Fcomments&post=6358"}],"wp:featuredmedia":[{"embeddable":true,"href":"https:\/\/www.owiowi.be\/index.php?rest_route=\/wp\/v2\/media\/6359"}],"wp:attachment":[{"href":"https:\/\/www.owiowi.be\/index.php?rest_route=%2Fwp%2Fv2%2Fmedia&parent=6358"}],"wp:term":[{"taxonomy":"product_cat","embeddable":true,"href":"https:\/\/www.owiowi.be\/index.php?rest_route=%2Fwp%2Fv2%2Fproduct_cat&post=6358"},{"taxonomy":"product_tag","embeddable":true,"href":"https:\/\/www.owiowi.be\/index.php?rest_route=%2Fwp%2Fv2%2Fproduct_tag&post=6358"}],"curies":[{"name":"wp","href":"https:\/\/api.w.org\/{rel}","templated":true}]}}