{"id":7909,"date":"2023-06-10T19:11:43","date_gmt":"2023-06-10T17:11:43","guid":{"rendered":"https:\/\/www.owiowi.be\/?post_type=product&#038;p=7909"},"modified":"2023-06-10T19:14:41","modified_gmt":"2023-06-10T17:14:41","slug":"bague-24-mm-owen-1-2","status":"publish","type":"product","link":"https:\/\/www.owiowi.be\/?product=bague-24-mm-owen-1-2","title":{"rendered":"Bague 24 mm &#8211; Owen (1)"},"content":{"rendered":"<p><strong>Caract\u00e9ristiques :<\/strong><\/p>\n<ul>\n<li>Collection OWEN (1) (grand motif)<\/li>\n<li>Support en m\u00e9tal, zinc &#8211; r\u00e9glable avec plateau rond<\/li>\n<li>Motif verni mat en p\u00e2te polym\u00e8re<\/li>\n<li>Couleur bleu-blanc-gris<\/li>\n<li>Taille : 24 mm de c\u00f4t\u00e9<\/li>\n<li>Bijou artisanal fait main<\/li>\n<li>Livr\u00e9 dans un emballage de protection<\/li>\n<\/ul>\n<p>Cette collection est disponible en \u00e9dition limit\u00e9e.<\/p>\n","protected":false},"excerpt":{"rendered":"<p>Caract\u00e9ristiques : Collection OWEN (1) (grand motif) Support en m\u00e9tal, zinc &#8211; r\u00e9glable avec plateau rond Motif verni mat en p\u00e2te polym\u00e8re Couleur bleu-blanc-gris Taille : 24 mm de c\u00f4t\u00e9 Bijou artisanal fait main Livr\u00e9 &#8230; <\/p>\n<p class=\"read-more-container\"><a title=\"Bague 24 mm &#8211; Owen (1)\" class=\"read-more button\" href=\"https:\/\/www.owiowi.be\/?product=bague-24-mm-owen-1-2#more-7909\" aria-label=\"Plus sur Bague 24 mm &#8211; Owen (1)\">Lire plus<\/a><\/p>\n","protected":false},"featured_media":7905,"comment_status":"open","ping_status":"closed","template":"","meta":[],"product_cat":[57],"product_tag":[105],"_links":{"self":[{"href":"https:\/\/www.owiowi.be\/index.php?rest_route=\/wp\/v2\/product\/7909"}],"collection":[{"href":"https:\/\/www.owiowi.be\/index.php?rest_route=\/wp\/v2\/product"}],"about":[{"href":"https:\/\/www.owiowi.be\/index.php?rest_route=\/wp\/v2\/types\/product"}],"replies":[{"embeddable":true,"href":"https:\/\/www.owiowi.be\/index.php?rest_route=%2Fwp%2Fv2%2Fcomments&post=7909"}],"wp:featuredmedia":[{"embeddable":true,"href":"https:\/\/www.owiowi.be\/index.php?rest_route=\/wp\/v2\/media\/7905"}],"wp:attachment":[{"href":"https:\/\/www.owiowi.be\/index.php?rest_route=%2Fwp%2Fv2%2Fmedia&parent=7909"}],"wp:term":[{"taxonomy":"product_cat","embeddable":true,"href":"https:\/\/www.owiowi.be\/index.php?rest_route=%2Fwp%2Fv2%2Fproduct_cat&post=7909"},{"taxonomy":"product_tag","embeddable":true,"href":"https:\/\/www.owiowi.be\/index.php?rest_route=%2Fwp%2Fv2%2Fproduct_tag&post=7909"}],"curies":[{"name":"wp","href":"https:\/\/api.w.org\/{rel}","templated":true}]}}